{"id":1499,"date":"2023-12-13T13:38:58","date_gmt":"2023-12-13T13:38:58","guid":{"rendered":"http:\/\/ciudadesytesis.webs.upv.es\/?page_id=1499"},"modified":"2025-11-20T12:42:03","modified_gmt":"2025-11-20T12:42:03","slug":"ensayos","status":"publish","type":"page","link":"https:\/\/ciudadesytesis.webs.upv.es\/?page_id=1499","title":{"rendered":"ENSAYOS"},"content":{"rendered":"<div class=\"bm-builder clearfix \"><div id=\"\" class=\"module col-10 module-id-1712530128672 col-offset-1\" data-module-col=\"10\"><div class=\"module-inside single-image-inside\" style=\"--cornerRadius:0px 0px 0px 0px ; --top-mod: 100px;--bottom-mod: 0px;--top-mod-t: 100px;--bottom-mod-t: 0px;--top-mod-m:50px;--bottom-mod-m:0px;\" ><div class=\"single-image-out  \"  ><figure class=\"single-image   single-image-full   \" no><div class=\"ux-hover-wrap anima-wrap\" style=\"padding-top: 15.546875%;\"><span class=\"ux-hover-wrap-a\"><img loading=\"lazy\" decoding=\"async\" alt=\"8. ENSAYOS 2\" class=\"single-image-img img1st lazy \" src=\"data:image\/gif;base64,R0lGODlhAQABAIAAAAAAAP\/\/\/yH5BAEAAAAALAAAAAABAAEAAAIBRAA7\" data-src=\"https:\/\/ciudadesytesis.webs.upv.es\/wp-content\/uploads\/2024\/04\/8.-ENSAYOS-2-scaled.jpg\" data-srcset=\"https:\/\/ciudadesytesis.webs.upv.es\/wp-content\/uploads\/2024\/04\/8.-ENSAYOS-2-scaled.jpg 2560w, https:\/\/ciudadesytesis.webs.upv.es\/wp-content\/uploads\/2024\/04\/8.-ENSAYOS-2-300x47.jpg 300w, https:\/\/ciudadesytesis.webs.upv.es\/wp-content\/uploads\/2024\/04\/8.-ENSAYOS-2-1024x159.jpg 1024w, https:\/\/ciudadesytesis.webs.upv.es\/wp-content\/uploads\/2024\/04\/8.-ENSAYOS-2-768x119.jpg 768w, https:\/\/ciudadesytesis.webs.upv.es\/wp-content\/uploads\/2024\/04\/8.-ENSAYOS-2-1536x239.jpg 1536w, https:\/\/ciudadesytesis.webs.upv.es\/wp-content\/uploads\/2024\/04\/8.-ENSAYOS-2-2048x319.jpg 2048w, https:\/\/ciudadesytesis.webs.upv.es\/wp-content\/uploads\/2024\/04\/8.-ENSAYOS-2-350x54.jpg 350w, https:\/\/ciudadesytesis.webs.upv.es\/wp-content\/uploads\/2024\/04\/8.-ENSAYOS-2-650x101.jpg 650w, https:\/\/ciudadesytesis.webs.upv.es\/wp-content\/uploads\/2024\/04\/8.-ENSAYOS-2-1000x156.jpg 1000w, https:\/\/ciudadesytesis.webs.upv.es\/wp-content\/uploads\/2024\/04\/8.-ENSAYOS-2-2000x311.jpg 2000w\" data-sizes=\"(max-width: 480px) 320px,(max-width: 767px) 500px,(max-width: 2560px) 100vw, 2560px\" width=\"2560\" height=\"398\" \/><\/span><\/div><\/figure><\/div><\/div><\/div><div id=\"\" class=\"module col-4 module-id-1712530122431unmYE col-offset-1\" data-module-col=\"4\"><div class=\"module-inside single-image-inside\" style=\"--cornerRadius:0px 0px 0px 0px ; --top-mod: 140px;--bottom-mod: 0px;--top-mod-t: 140px;--bottom-mod-t: 0px;--top-mod-m:70px;--bottom-mod-m:0px;\" ><div class=\"single-image-out  \"  ><figure class=\"single-image   single-image-full   \" no><div class=\"ux-hover-wrap anima-wrap\" style=\"padding-top: 137.35537190083%;\"><a class=\"ux-hover-wrap-a\" href=\"https:\/\/ciudadesytesis.webs.upv.es\/wp-content\/uploads\/2024\/02\/276-285RAFAELTEMESIGUALADA.pdf\" target=\"_blank\" rel=\" noopener noreferrer nofollow \" download><img loading=\"lazy\" decoding=\"async\" alt=\"Captura de pantalla 2023-12-13 a les 14.28.29\" class=\"single-image-img img1st lazy \" src=\"data:image\/gif;base64,R0lGODlhAQABAIAAAAAAAP\/\/\/yH5BAEAAAAALAAAAAABAAEAAAIBRAA7\" data-src=\"https:\/\/ciudadesytesis.webs.upv.es\/wp-content\/uploads\/2023\/12\/Captura-de-pantalla-2023-12-13-a-les-14.28.29.png\" data-srcset=\"https:\/\/ciudadesytesis.webs.upv.es\/wp-content\/uploads\/2023\/12\/Captura-de-pantalla-2023-12-13-a-les-14.28.29.png 1210w, https:\/\/ciudadesytesis.webs.upv.es\/wp-content\/uploads\/2023\/12\/Captura-de-pantalla-2023-12-13-a-les-14.28.29-218x300.png 218w, https:\/\/ciudadesytesis.webs.upv.es\/wp-content\/uploads\/2023\/12\/Captura-de-pantalla-2023-12-13-a-les-14.28.29-746x1024.png 746w, https:\/\/ciudadesytesis.webs.upv.es\/wp-content\/uploads\/2023\/12\/Captura-de-pantalla-2023-12-13-a-les-14.28.29-768x1055.png 768w, https:\/\/ciudadesytesis.webs.upv.es\/wp-content\/uploads\/2023\/12\/Captura-de-pantalla-2023-12-13-a-les-14.28.29-1118x1536.png 1118w, https:\/\/ciudadesytesis.webs.upv.es\/wp-content\/uploads\/2023\/12\/Captura-de-pantalla-2023-12-13-a-les-14.28.29-350x481.png 350w, https:\/\/ciudadesytesis.webs.upv.es\/wp-content\/uploads\/2023\/12\/Captura-de-pantalla-2023-12-13-a-les-14.28.29-650x893.png 650w, https:\/\/ciudadesytesis.webs.upv.es\/wp-content\/uploads\/2023\/12\/Captura-de-pantalla-2023-12-13-a-les-14.28.29-1000x1374.png 1000w\" data-sizes=\"(max-width: 480px) 320px,(max-width: 767px) 500px,(max-width: 1210px) 100vw, 1210px\" width=\"1210\" height=\"1662\" \/><\/a><\/div><figcaption class=\"single-image-caption center-ux\"><\/figcaption><\/figure><\/div><\/div><\/div><div id=\"\" class=\"module col-5 module-id-17125738410073VzMh col-offset-1\" data-module-col=\"5\"><div class=\"module-inside single-image-inside\" style=\"--cornerRadius:0px 0px 0px 0px ; --top-mod: 140px;--bottom-mod: 0px;--top-mod-t: 140px;--bottom-mod-t: 0px;--top-mod-m:70px;--bottom-mod-m:0px;\" ><div class=\"single-image-out  \"  ><figure class=\"single-image   single-image-full   \" no><div class=\"ux-hover-wrap anima-wrap\" style=\"padding-top: 85.558252427184%;\"><a class=\"ux-hover-wrap-a\" href=\"https:\/\/revistas.uva.es\/index.php\/ciudades\/article\/view\/9411\" target=\"_blank\" rel=\" noopener noreferrer nofollow \" download><img loading=\"lazy\" decoding=\"async\" alt=\"Rese\u00f1a\" class=\"single-image-img img1st lazy \" src=\"data:image\/gif;base64,R0lGODlhAQABAIAAAAAAAP\/\/\/yH5BAEAAAAALAAAAAABAAEAAAIBRAA7\" data-src=\"https:\/\/ciudadesytesis.webs.upv.es\/wp-content\/uploads\/2025\/07\/Resena.jpg\" data-srcset=\"https:\/\/ciudadesytesis.webs.upv.es\/wp-content\/uploads\/2025\/07\/Resena.jpg 824w, https:\/\/ciudadesytesis.webs.upv.es\/wp-content\/uploads\/2025\/07\/Resena-300x257.jpg 300w, https:\/\/ciudadesytesis.webs.upv.es\/wp-content\/uploads\/2025\/07\/Resena-768x657.jpg 768w, https:\/\/ciudadesytesis.webs.upv.es\/wp-content\/uploads\/2025\/07\/Resena-350x299.jpg 350w, https:\/\/ciudadesytesis.webs.upv.es\/wp-content\/uploads\/2025\/07\/Resena-650x556.jpg 650w\" data-sizes=\"(max-width: 480px) 320px,(max-width: 767px) 500px,(max-width: 824px) 100vw, 824px\" width=\"824\" height=\"705\" \/><\/a><\/div><figcaption class=\"single-image-caption center-ux\"><\/figcaption><\/figure><\/div><\/div><\/div><div id=\"\" class=\"module col-4 module-id-1712573662680 col-offset-1\" data-module-col=\"4\"><div class=\"module-inside text-inside\" style=\"--top-mod: 20px;--bottom-mod: 20px;--top-mod-t: 20px;--bottom-mod-t: 20px;--top-mod-m:10px;--bottom-mod-m:10px;\" ><div class=\"text_block_out\"  data-effect=\"standard\" style=\"\"><div class=\"text_block ux-mod-nobg\"><div class=\"text_block_inn\"><div id=\"text-1712573662680\" class=\"text_block_centered text_block_centered_enable_width\"  style=\"\"><h6><i>Temes Cordovez, R., P\u00e9rez Igualada, J., Portal\u00e9s Ma\u00f1an\u00f3s, A., Palomares Figueres, M. T. y Llop Torne, C. (2023) \u00abhipo_TESIS_Vlc. Valencia, ciudad imaginada\u00bb, EGA Expresi\u00f3n Gr\u00e1fica Arquitect\u00f3nica, 28(49), pp. 276\u2013285. doi: 10.4995\/ega.2023.20499. <br><br><\/i><b><i>CIUDAD IMAGINADA<\/i><\/b><\/h6><\/div><\/div><\/div><\/div><\/div><\/div><div id=\"\" class=\"module col-5 module-id-1753771190639 col-offset-1\" data-module-col=\"5\"><div class=\"module-inside text-inside\" style=\"--top-mod: 0px;--bottom-mod: 0px;--top-mod-t: 0px;--bottom-mod-t: 0px;--top-mod-m:0px;--bottom-mod-m:0px;\" ><div class=\"text_block_out\"  data-effect=\"standard\" style=\"\"><div class=\"text_block ux-mod-nobg\"><div class=\"text_block_inn\"><div id=\"text-1753771190639\" class=\"text_block_centered text_block_centered_enable_width\"  style=\"\"><h6><i>Moya Fuero, A. (2025). Rese\u00f1a: Carlos Llop i Torn\u00e9 (comisario), Exposici\u00f3n itinerante: Las ciudades\r\ny sus tesis. Repositorio historiogr\u00e1fico y anal\u00edtico de tesis de ciudades ib\u00e9ricas (1970\u2013\r\n2020). Ciudades, (28), 369\u2013372.<br><br><\/i><i><a href=\"https:\/\/doi.org\/10.24197\/ciudades.28.2025.369-372\" target=\"_blank\">https:\/\/doi.org\/10.24197\/ciudades.28.2025.369-372<\/a><\/i><\/h6><\/div><\/div><\/div><\/div><\/div><\/div><div id=\"\" class=\"module col-8 module-id-1763641637061 col-offset-1\" data-module-col=\"8\"><div class=\"module-inside single-image-inside\" style=\"--cornerRadius:0px 0px 0px 0px ; --top-mod: 40px;--bottom-mod: 0px;--top-mod-t: 40px;--bottom-mod-t: 0px;--top-mod-m:20px;--bottom-mod-m:0px;\" ><div class=\"single-image-out  \"  ><figure class=\"single-image   single-image-full   \" no><div class=\"ux-hover-wrap anima-wrap\" style=\"padding-top: 45.9765625%;\"><span class=\"ux-hover-wrap-a\"><img loading=\"lazy\" decoding=\"async\" alt=\"Valencia\" class=\"single-image-img img1st lazy \" src=\"data:image\/gif;base64,R0lGODlhAQABAIAAAAAAAP\/\/\/yH5BAEAAAAALAAAAAABAAEAAAIBRAA7\" data-src=\"https:\/\/ciudadesytesis.webs.upv.es\/wp-content\/uploads\/2025\/11\/Valencia-scaled.jpg\" data-srcset=\"https:\/\/ciudadesytesis.webs.upv.es\/wp-content\/uploads\/2025\/11\/Valencia-scaled.jpg 2560w, https:\/\/ciudadesytesis.webs.upv.es\/wp-content\/uploads\/2025\/11\/Valencia-300x138.jpg 300w, https:\/\/ciudadesytesis.webs.upv.es\/wp-content\/uploads\/2025\/11\/Valencia-1024x471.jpg 1024w, https:\/\/ciudadesytesis.webs.upv.es\/wp-content\/uploads\/2025\/11\/Valencia-768x353.jpg 768w, https:\/\/ciudadesytesis.webs.upv.es\/wp-content\/uploads\/2025\/11\/Valencia-1536x706.jpg 1536w, https:\/\/ciudadesytesis.webs.upv.es\/wp-content\/uploads\/2025\/11\/Valencia-2048x942.jpg 2048w, https:\/\/ciudadesytesis.webs.upv.es\/wp-content\/uploads\/2025\/11\/Valencia-350x161.jpg 350w, https:\/\/ciudadesytesis.webs.upv.es\/wp-content\/uploads\/2025\/11\/Valencia-650x299.jpg 650w, https:\/\/ciudadesytesis.webs.upv.es\/wp-content\/uploads\/2025\/11\/Valencia-1000x460.jpg 1000w, https:\/\/ciudadesytesis.webs.upv.es\/wp-content\/uploads\/2025\/11\/Valencia-2000x920.jpg 2000w\" data-sizes=\"(max-width: 480px) 320px,(max-width: 767px) 500px,(max-width: 2560px) 100vw, 2560px\" width=\"2560\" height=\"1177\" \/><\/span><\/div><\/figure><\/div><\/div><\/div><div id=\"\" class=\"module col-5 module-id-1763641779084 col-offset-1\" data-module-col=\"5\"><div class=\"module-inside text-inside\" style=\"--top-mod: 20px;--bottom-mod: 0px;--top-mod-t: 20px;--bottom-mod-t: 0px;--top-mod-m:10px;--bottom-mod-m:0px;\" ><div class=\"text_block_out\"  data-effect=\"standard\" style=\"\"><div class=\"text_block ux-mod-nobg\"><div class=\"text_block_inn\"><div id=\"text-1763641779084\" class=\"text_block_centered text_block_centered_enable_width\"  style=\"\"><\/div><\/div><\/div><\/div><\/div><\/div><\/div>","protected":false},"excerpt":{"rendered":"<p>Temes Cordovez, R., P\u00e9rez Igualada, J., Portal\u00e9s Ma\u00f1an\u00f3s, A., Palomares &hellip;<\/p>\n","protected":false},"author":1,"featured_media":0,"parent":0,"menu_order":0,"comment_status":"closed","ping_status":"closed","template":"","meta":{"footnotes":""},"class_list":["post-1499","page","type-page","status-publish","hentry"],"_links":{"self":[{"href":"https:\/\/ciudadesytesis.webs.upv.es\/index.php?rest_route=\/wp\/v2\/pages\/1499","targetHints":{"allow":["GET"]}}],"collection":[{"href":"https:\/\/ciudadesytesis.webs.upv.es\/index.php?rest_route=\/wp\/v2\/pages"}],"about":[{"href":"https:\/\/ciudadesytesis.webs.upv.es\/index.php?rest_route=\/wp\/v2\/types\/page"}],"author":[{"embeddable":true,"href":"https:\/\/ciudadesytesis.webs.upv.es\/index.php?rest_route=\/wp\/v2\/users\/1"}],"replies":[{"embeddable":true,"href":"https:\/\/ciudadesytesis.webs.upv.es\/index.php?rest_route=%2Fwp%2Fv2%2Fcomments&post=1499"}],"version-history":[{"count":10,"href":"https:\/\/ciudadesytesis.webs.upv.es\/index.php?rest_route=\/wp\/v2\/pages\/1499\/revisions"}],"predecessor-version":[{"id":2970,"href":"https:\/\/ciudadesytesis.webs.upv.es\/index.php?rest_route=\/wp\/v2\/pages\/1499\/revisions\/2970"}],"wp:attachment":[{"href":"https:\/\/ciudadesytesis.webs.upv.es\/index.php?rest_route=%2Fwp%2Fv2%2Fmedia&parent=1499"}],"curies":[{"name":"wp","href":"https:\/\/api.w.org\/{rel}","templated":true}]}}