{"id":2017,"date":"2024-02-25T16:40:35","date_gmt":"2024-02-25T16:40:35","guid":{"rendered":"http:\/\/ciudadesytesis.webs.upv.es\/?page_id=2017"},"modified":"2025-07-18T16:54:45","modified_gmt":"2025-07-18T16:54:45","slug":"a-coruna","status":"publish","type":"page","link":"https:\/\/ciudadesytesis.webs.upv.es\/?page_id=2017","title":{"rendered":"A Coru\u00f1a"},"content":{"rendered":"<div class=\"bm-builder clearfix \"><div id=\"\" class=\"module col-6 module-id-1708880786080 col-offset-2\" data-module-col=\"6\"><div class=\"module-inside single-image-inside\" style=\"--cornerRadius:0px 0px 0px 0px ; --top-mod: 60px;--bottom-mod: 0px;--top-mod-t: 60px;--bottom-mod-t: 0px;--top-mod-m:30px;--bottom-mod-m:0px;\" ><div class=\"single-image-out  \"  ><figure class=\"single-image   single-image-full   \" no><div class=\"ux-hover-wrap anima-wrap\" style=\"padding-top: 70.693277310924%;\"><a class=\"ux-hover-wrap-a\" href=\"https:\/\/ciudadesytesis.webs.upv.es\/wp-content\/uploads\/2024\/02\/Programa-La-Ciudad-y-sus-Tesis-A-Coruna.pdf\" target=\"_blank\" rel=\" noopener noreferrer \" download><img loading=\"lazy\" decoding=\"async\" alt=\"Captura de pantalla 2024-02-25 a les 18.03.33\" class=\"single-image-img img1st lazy \" src=\"data:image\/gif;base64,R0lGODlhAQABAIAAAAAAAP\/\/\/yH5BAEAAAAALAAAAAABAAEAAAIBRAA7\" data-src=\"https:\/\/ciudadesytesis.webs.upv.es\/wp-content\/uploads\/2024\/02\/Captura-de-pantalla-2024-02-25-a-les-18.03.33.png\" data-srcset=\"https:\/\/ciudadesytesis.webs.upv.es\/wp-content\/uploads\/2024\/02\/Captura-de-pantalla-2024-02-25-a-les-18.03.33.png 1904w, https:\/\/ciudadesytesis.webs.upv.es\/wp-content\/uploads\/2024\/02\/Captura-de-pantalla-2024-02-25-a-les-18.03.33-300x212.png 300w, https:\/\/ciudadesytesis.webs.upv.es\/wp-content\/uploads\/2024\/02\/Captura-de-pantalla-2024-02-25-a-les-18.03.33-1024x724.png 1024w, https:\/\/ciudadesytesis.webs.upv.es\/wp-content\/uploads\/2024\/02\/Captura-de-pantalla-2024-02-25-a-les-18.03.33-768x543.png 768w, https:\/\/ciudadesytesis.webs.upv.es\/wp-content\/uploads\/2024\/02\/Captura-de-pantalla-2024-02-25-a-les-18.03.33-1536x1086.png 1536w, https:\/\/ciudadesytesis.webs.upv.es\/wp-content\/uploads\/2024\/02\/Captura-de-pantalla-2024-02-25-a-les-18.03.33-350x247.png 350w, https:\/\/ciudadesytesis.webs.upv.es\/wp-content\/uploads\/2024\/02\/Captura-de-pantalla-2024-02-25-a-les-18.03.33-650x460.png 650w, https:\/\/ciudadesytesis.webs.upv.es\/wp-content\/uploads\/2024\/02\/Captura-de-pantalla-2024-02-25-a-les-18.03.33-1000x707.png 1000w\" data-sizes=\"(max-width: 480px) 320px,(max-width: 767px) 500px,(max-width: 1904px) 100vw, 1904px\" width=\"1904\" height=\"1346\" \/><\/a><\/div><\/figure><\/div><\/div><\/div><div id=\"\" class=\"module col-3 module-id-1715541552734\" data-module-col=\"3\"><div class=\"module-inside text-inside\" style=\"--top-mod: 60px;--bottom-mod: 0px;--top-mod-t: 60px;--bottom-mod-t: 0px;--top-mod-m:30px;--bottom-mod-m:0px;\" ><div class=\"text_block_out\"  data-effect=\"standard\" style=\"\"><div class=\"text_block ux-mod-nobg\"><div class=\"text_block_inn\"><div id=\"text-1715541552734\" class=\"text_block_centered text_block_centered_enable_width\"  style=\"\"><h5><span style=\"font-size: 50px;\">A Coru\u00f1a<\/span><\/h5>\r\n<h5>\u00a0<\/h5>\r\n<h5><span style=\"font-size: 17px;\">Escuela T\u00e9cnica Superior <\/span><br><span style=\"font-size: 17px;\">de Arquitectura<\/span><br><span style=\"font-size: 17px;\"><b><\/b>Universidade da Coru\u00f1a<\/span><br><span style=\"font-size: 17px;\"><b><br><\/b><\/span><\/h5>\r\n<h5><span style=\"font-size: 17px;\">29-30 septiembre 2023<\/span><\/h5>\r\n<h5>\u00a0<\/h5>\r\n<h5><span style=\"font-size: 17px;\"><strong>Comisario de la exposici\u00f3n<\/strong><\/span><\/h5>\r\n<h5><span style=\"font-size: 17px;\">Carles Lop Torn\u00e9<\/span><\/h5>\r\n<h5>\u00a0<\/h5>\r\n<h5><span style=\"font-size: 17px;\"><strong>Comisarios locales<\/strong><\/span><\/h5>\r\n<h5><span style=\"font-weight: 400; font-size: 17px;\">Jose\u0301 Gonza\u0301lez-Cebria\u0301n Tello<\/span><\/h5>\r\n<h5><span style=\"font-weight: 400; font-size: 17px;\">Henrique Seoane Prado<\/span><\/h5>\r\n<h5><span style=\"font-weight: 400; font-size: 17px;\">Jorge Rodri\u0301guez A\u0301lvarez<\/span><\/h5><\/div><\/div><\/div><\/div><\/div><\/div><div id=\"\" class=\"module col-10 module-id-1710701954161 col-offset-0\" data-module-col=\"10\"><div class=\"module-inside embed-inside\" style=\"--cornerRadius:0px 0px 0px 0px ; --top-mod: 20px;--bottom-mod: 0px;--top-mod-t: 20px;--bottom-mod-t: 0px;--top-mod-m:10px;--bottom-mod-m:0px;\" ><div class=\"embed-wrap embed-wrap-with-radio \" style=\"padding-bottom:75%;\" ><iframe class=\"\" src=\"\/\/player.vimeo.com\/video\/919186467?title=0&amp;byline=0&amp;portrait=0&amp;autoplay=0\" allowfullscreen><\/iframe><\/div><\/div><\/div><div id=\"\" class=\"module col-6 module-id-1712600647813A8aYx col-offset-2\" data-module-col=\"6\"><div class=\"module-inside single-image-inside\" style=\"--cornerRadius:0px 0px 0px 0px ; --top-mod: 20px;--bottom-mod: 0px;--top-mod-t: 20px;--bottom-mod-t: 0px;--top-mod-m:10px;--bottom-mod-m:0px;\" ><div class=\"single-image-out  \"  ><figure class=\"single-image   single-image-full   \" no><div class=\"ux-hover-wrap anima-wrap\" style=\"padding-top: 68.702290076336%;\"><a class=\"ux-hover-wrap-a\" href=\"https:\/\/ciudadesytesis.webs.upv.es\/wp-content\/uploads\/2024\/02\/5-tesis-del-Grupo-investigacion-Galicia-Cidade-e-Territorio.pdf\" target=\"_blank\" rel=\" noopener noreferrer \" download><img loading=\"lazy\" decoding=\"async\" alt=\"Captura de pantalla 2024-02-25 a les 18.03.49\" class=\"single-image-img img1st lazy \" src=\"data:image\/gif;base64,R0lGODlhAQABAIAAAAAAAP\/\/\/yH5BAEAAAAALAAAAAABAAEAAAIBRAA7\" data-src=\"https:\/\/ciudadesytesis.webs.upv.es\/wp-content\/uploads\/2024\/02\/Captura-de-pantalla-2024-02-25-a-les-18.03.49.png\" data-srcset=\"https:\/\/ciudadesytesis.webs.upv.es\/wp-content\/uploads\/2024\/02\/Captura-de-pantalla-2024-02-25-a-les-18.03.49.png 2358w, https:\/\/ciudadesytesis.webs.upv.es\/wp-content\/uploads\/2024\/02\/Captura-de-pantalla-2024-02-25-a-les-18.03.49-300x206.png 300w, https:\/\/ciudadesytesis.webs.upv.es\/wp-content\/uploads\/2024\/02\/Captura-de-pantalla-2024-02-25-a-les-18.03.49-1024x704.png 1024w, https:\/\/ciudadesytesis.webs.upv.es\/wp-content\/uploads\/2024\/02\/Captura-de-pantalla-2024-02-25-a-les-18.03.49-768x528.png 768w, https:\/\/ciudadesytesis.webs.upv.es\/wp-content\/uploads\/2024\/02\/Captura-de-pantalla-2024-02-25-a-les-18.03.49-1536x1055.png 1536w, https:\/\/ciudadesytesis.webs.upv.es\/wp-content\/uploads\/2024\/02\/Captura-de-pantalla-2024-02-25-a-les-18.03.49-2048x1407.png 2048w, https:\/\/ciudadesytesis.webs.upv.es\/wp-content\/uploads\/2024\/02\/Captura-de-pantalla-2024-02-25-a-les-18.03.49-350x240.png 350w, https:\/\/ciudadesytesis.webs.upv.es\/wp-content\/uploads\/2024\/02\/Captura-de-pantalla-2024-02-25-a-les-18.03.49-650x447.png 650w, https:\/\/ciudadesytesis.webs.upv.es\/wp-content\/uploads\/2024\/02\/Captura-de-pantalla-2024-02-25-a-les-18.03.49-1000x687.png 1000w, https:\/\/ciudadesytesis.webs.upv.es\/wp-content\/uploads\/2024\/02\/Captura-de-pantalla-2024-02-25-a-les-18.03.49-2000x1374.png 2000w\" data-sizes=\"(max-width: 480px) 320px,(max-width: 767px) 500px,(max-width: 2358px) 100vw, 2358px\" width=\"2358\" height=\"1620\" \/><\/a><\/div><\/figure><\/div><\/div><\/div><\/div>","protected":false},"excerpt":{"rendered":"<p>A Coru\u00f1a &nbsp; Escuela T\u00e9cnica Superior de ArquitecturaUniversidade da Coru\u00f1a &hellip;<\/p>\n","protected":false},"author":1,"featured_media":0,"parent":0,"menu_order":0,"comment_status":"closed","ping_status":"closed","template":"","meta":{"footnotes":""},"class_list":["post-2017","page","type-page","status-publish","hentry"],"_links":{"self":[{"href":"https:\/\/ciudadesytesis.webs.upv.es\/index.php?rest_route=\/wp\/v2\/pages\/2017","targetHints":{"allow":["GET"]}}],"collection":[{"href":"https:\/\/ciudadesytesis.webs.upv.es\/index.php?rest_route=\/wp\/v2\/pages"}],"about":[{"href":"https:\/\/ciudadesytesis.webs.upv.es\/index.php?rest_route=\/wp\/v2\/types\/page"}],"author":[{"embeddable":true,"href":"https:\/\/ciudadesytesis.webs.upv.es\/index.php?rest_route=\/wp\/v2\/users\/1"}],"replies":[{"embeddable":true,"href":"https:\/\/ciudadesytesis.webs.upv.es\/index.php?rest_route=%2Fwp%2Fv2%2Fcomments&post=2017"}],"version-history":[{"count":3,"href":"https:\/\/ciudadesytesis.webs.upv.es\/index.php?rest_route=\/wp\/v2\/pages\/2017\/revisions"}],"predecessor-version":[{"id":2718,"href":"https:\/\/ciudadesytesis.webs.upv.es\/index.php?rest_route=\/wp\/v2\/pages\/2017\/revisions\/2718"}],"wp:attachment":[{"href":"https:\/\/ciudadesytesis.webs.upv.es\/index.php?rest_route=%2Fwp%2Fv2%2Fmedia&parent=2017"}],"curies":[{"name":"wp","href":"https:\/\/api.w.org\/{rel}","templated":true}]}}